{"id":884,"date":"2024-02-03T21:23:34","date_gmt":"2024-02-03T20:23:34","guid":{"rendered":"https:\/\/mahou-minauds.fr\/?page_id=884"},"modified":"2024-03-07T15:48:50","modified_gmt":"2024-03-07T14:48:50","slug":"les-partenaires","status":"publish","type":"page","link":"https:\/\/mahou-minauds.fr\/?page_id=884","title":{"rendered":"Les partenaires"},"content":{"rendered":"\n<p><br>La cr\u00e8che est reconnaissante envers tous les partenaires institutionnels qui soutiennent financi\u00e8rement et p\u00e9dagogiquement la structure.<\/p>\n\n\n\n<p>Les partenaires de notre cr\u00e8che sont :<\/p>\n\n\n\n<ul>\n<li>La Caisse d\u2019Allocations Familiales (<a href=\"https:\/\/www.caf.fr\/\" data-type=\"link\" data-id=\"https:\/\/www.caf.fr\/\" target=\"_blank\" rel=\"noreferrer noopener\">CAF<\/a>)<\/li>\n\n\n\n<li>La <a href=\"https:\/\/www.grenoble.fr\/\" target=\"_blank\" rel=\"noreferrer noopener\">mairie de Grenoble<\/a> et le Centre Communal d\u2019Action Sociale (<a href=\"https:\/\/www.grenoble.fr\/48-le-ccas.htm\" target=\"_blank\" rel=\"noreferrer noopener\">CCAS<\/a>)<\/li>\n\n\n\n<li>Le Conseil D\u00e9partemental de l\u2019Is\u00e8re via son pr\u00e9sident et ses conseillers d\u00e9partementaux Canton Grenoble 4<\/li>\n\n\n\n<li>Le Service Enfance et Famille du D\u00e9partement <\/li>\n\n\n\n<li>La <a href=\"https:\/\/www.grenoble.fr\/lieu\/2420\/137-maison-des-habitant-es-du-bois-d-artas.htm\" target=\"_blank\" rel=\"noreferrer noopener\">Maison des Habitants du Bois d\u2019Artas<\/a><\/li>\n\n\n\n<li>L\u2019<a href=\"https:\/\/www.acepp38.fr\/\" target=\"_blank\" rel=\"noreferrer noopener\">ACEPP 38<\/a> (Association des collectifs enfant parents professionnels Is\u00e8re) a pour but de regrouper, promouvoir et soutenir les structures d&rsquo;accueil de la petite enfance \u00e0 gestion associative et fond\u00e9es sur la responsabilit\u00e9 et la participation parentales.<\/li>\n<\/ul>\n","protected":false},"excerpt":{"rendered":"<p>La cr\u00e8che est reconnaissante envers tous les partenaires institutionnels qui soutiennent financi\u00e8rement et p\u00e9dagogiquement la structure. Les partenaires de notre cr\u00e8che sont :<\/p>\n","protected":false},"author":1,"featured_media":0,"parent":0,"menu_order":0,"comment_status":"closed","ping_status":"closed","template":"","meta":{"footnotes":""},"_links":{"self":[{"href":"https:\/\/mahou-minauds.fr\/index.php?rest_route=\/wp\/v2\/pages\/884"}],"collection":[{"href":"https:\/\/mahou-minauds.fr\/index.php?rest_route=\/wp\/v2\/pages"}],"about":[{"href":"https:\/\/mahou-minauds.fr\/index.php?rest_route=\/wp\/v2\/types\/page"}],"author":[{"embeddable":true,"href":"https:\/\/mahou-minauds.fr\/index.php?rest_route=\/wp\/v2\/users\/1"}],"replies":[{"embeddable":true,"href":"https:\/\/mahou-minauds.fr\/index.php?rest_route=%2Fwp%2Fv2%2Fcomments&post=884"}],"version-history":[{"count":4,"href":"https:\/\/mahou-minauds.fr\/index.php?rest_route=\/wp\/v2\/pages\/884\/revisions"}],"predecessor-version":[{"id":1131,"href":"https:\/\/mahou-minauds.fr\/index.php?rest_route=\/wp\/v2\/pages\/884\/revisions\/1131"}],"wp:attachment":[{"href":"https:\/\/mahou-minauds.fr\/index.php?rest_route=%2Fwp%2Fv2%2Fmedia&parent=884"}],"curies":[{"name":"wp","href":"https:\/\/api.w.org\/{rel}","templated":true}]}}

<p><br>La crèche est reconnaissante envers tous les partenaires institutionnels qui soutiennent financièrement et pédagogiquement la structure.</p>



<p>Les partenaires de notre crèche sont :</p>



<ul>
<li>La Caisse d’Allocations Familiales (<a href="https://www.caf.fr/" data-type="link" data-id="https://www.caf.fr/" target="_blank" rel="noreferrer noopener">CAF</a>)</li>



<li>La <a href="https://www.grenoble.fr/" target="_blank" rel="noreferrer noopener">mairie de Grenoble</a> et le Centre Communal d’Action Sociale (<a href="https://www.grenoble.fr/48-le-ccas.htm" target="_blank" rel="noreferrer noopener">CCAS</a>)</li>



<li>Le Conseil Départemental de l’Isère via son président et ses conseillers départementaux Canton Grenoble 4</li>



<li>Le Service Enfance et Famille du Département </li>



<li>La <a href="https://www.grenoble.fr/lieu/2420/137-maison-des-habitant-es-du-bois-d-artas.htm" target="_blank" rel="noreferrer noopener">Maison des Habitants du Bois d’Artas</a></li>



<li>L’<a href="https://www.acepp38.fr/" target="_blank" rel="noreferrer noopener">ACEPP 38</a> (Association des collectifs enfant parents professionnels Isère) a pour but de regrouper, promouvoir et soutenir les structures d&rsquo;accueil de la petite enfance à gestion associative et fondées sur la responsabilité et la participation parentales.</li>
</ul>

<p>La crèche est reconnaissante envers tous les partenaires institutionnels qui soutiennent financièrement et pédagogiquement la structure. Les partenaires de notre crèche sont :</p>
