{"id":867,"date":"2024-02-02T22:42:56","date_gmt":"2024-02-02T21:42:56","guid":{"rendered":"https:\/\/mahou-minauds.fr\/?page_id=867"},"modified":"2024-09-19T21:12:25","modified_gmt":"2024-09-19T19:12:25","slug":"inscription","status":"publish","type":"page","link":"https:\/\/mahou-minauds.fr\/?page_id=867","title":{"rendered":"Inscription"},"content":{"rendered":"\n<p><\/p>\n\n\n\n<p><strong>Comment d\u00e9poser une demande d&rsquo;inscription pour votre enfant ?<\/strong><br><br>La cr\u00e8che repose sur la participation des parents dans le fonctionnement de la structure : participation au Conseil d\u2019Administration et au Bureau de l\u2019association, organisation des f\u00eates qui rythment la vie de la cr\u00e8che, participation aux m\u00e9nages de printemps et d\u2019automne et aux petits travaux d\u2019entretien, etc. Cette implication est indispensable \u00e0 la vie de la structure, c&rsquo;est pourquoi nous vous invitons \u00e0 parcourir la page <em><a href=\"https:\/\/mahou-minauds.fr\/?page_id=877\">Fonctionnement<\/a><\/em> de notre site, qui vous permettra d&rsquo;en savoir plus sur l&rsquo;implication des familles et le projet d&rsquo;\u00e9tablissement.<\/p>\n\n\n\n<p>L&rsquo;aventure vous tente ? Alors transmettez nous votre demande d&rsquo;inscription \u00e0 l\u2019adresse suivante : <a href=\"mailto:inscription.mahou.minaud@gmail.com\">inscription.mahou.minauds@gmail.com<\/a><\/p>\n\n\n\n<p>Afin que nous prenions en compte au mieux votre demande, merci de pr\u00e9ciser :<\/p>\n\n\n\n<ul>\n<li>noms et pr\u00e9noms des parents et leurs coordonn\u00e9es (adresse, t\u00e9l\u00e9phone, mail)<\/li>\n\n\n\n<li>pr\u00e9nom de l\u2019enfant<\/li>\n\n\n\n<li>date de naissance<\/li>\n\n\n\n<li>jours d\u2019accueil et amplitude horaire souhait\u00e9s<\/li>\n\n\n\n<li>date d\u2019entr\u00e9e \u00e0 la cr\u00e8che souhait\u00e9e<\/li>\n\n\n\n<li>des \u00e9ventuels facteurs de priorit\u00e9<\/li>\n<\/ul>\n\n\n\n<figure class=\"wp-block-image size-large\"><img loading=\"lazy\" decoding=\"async\" width=\"1024\" height=\"92\" src=\"https:\/\/mahou-minauds.fr\/wp-content\/uploads\/2024\/03\/split-page-1024x92.jpg\" alt=\"\" class=\"wp-image-1109\" srcset=\"https:\/\/mahou-minauds.fr\/wp-content\/uploads\/2024\/03\/split-page-1024x92.jpg 1024w, https:\/\/mahou-minauds.fr\/wp-content\/uploads\/2024\/03\/split-page-300x27.jpg 300w, https:\/\/mahou-minauds.fr\/wp-content\/uploads\/2024\/03\/split-page-768x69.jpg 768w, https:\/\/mahou-minauds.fr\/wp-content\/uploads\/2024\/03\/split-page-1536x138.jpg 1536w, https:\/\/mahou-minauds.fr\/wp-content\/uploads\/2024\/03\/split-page-2048x184.jpg 2048w, https:\/\/mahou-minauds.fr\/wp-content\/uploads\/2024\/03\/split-page-900x81.jpg 900w, https:\/\/mahou-minauds.fr\/wp-content\/uploads\/2024\/03\/split-page-1280x115.jpg 1280w\" sizes=\"(max-width: 1024px) 100vw, 1024px\" \/><\/figure>\n\n\n\n<p><strong>Crit\u00e8res de priorit\u00e9<\/strong><\/p>\n\n\n\n<ul>\n<li>Les parents ou les enfants porteurs de handicap physique, mental, social ou d\u2019une maladie chronique<\/li>\n\n\n\n<li>Les enfants de parent(s) mineur(s)<\/li>\n\n\n\n<li>Les naissances multiples<\/li>\n\n\n\n<li>Les fratries<\/li>\n\n\n\n<li>Les parents domicili\u00e9s dans le secteur 2&nbsp;<\/li>\n\n\n\n<li>Les familles monoparentales<\/li>\n<\/ul>\n\n\n\n<p>Lors de l\u2019envoi de votre demande d\u2019inscription, merci de nous indiquer si vous \u00eates concern\u00e9 par un (ou plusieurs) de ces crit\u00e8res.<\/p>\n\n\n\n<figure class=\"wp-block-image size-large\"><img loading=\"lazy\" decoding=\"async\" width=\"1024\" height=\"92\" src=\"http:\/\/mahou-minauds.fr\/wp-content\/uploads\/2024\/03\/split-page-1024x92.jpg\" alt=\"\" class=\"wp-image-1109\" srcset=\"https:\/\/mahou-minauds.fr\/wp-content\/uploads\/2024\/03\/split-page-1024x92.jpg 1024w, https:\/\/mahou-minauds.fr\/wp-content\/uploads\/2024\/03\/split-page-300x27.jpg 300w, https:\/\/mahou-minauds.fr\/wp-content\/uploads\/2024\/03\/split-page-768x69.jpg 768w, https:\/\/mahou-minauds.fr\/wp-content\/uploads\/2024\/03\/split-page-1536x138.jpg 1536w, https:\/\/mahou-minauds.fr\/wp-content\/uploads\/2024\/03\/split-page-2048x184.jpg 2048w, https:\/\/mahou-minauds.fr\/wp-content\/uploads\/2024\/03\/split-page-900x81.jpg 900w, https:\/\/mahou-minauds.fr\/wp-content\/uploads\/2024\/03\/split-page-1280x115.jpg 1280w\" sizes=\"(max-width: 1024px) 100vw, 1024px\" \/><\/figure>\n\n\n\n<p><strong>Calendrier<\/strong><\/p>\n\n\n\n<p>La commission d\u2019attribution des places a lieu chaque ann\u00e9e au mois de f\u00e9vrier.<\/p>\n\n\n\n<p>Si votre dossier est retenu vous serez contact\u00e9s imm\u00e9diatement. Un premier temps de rencontre avec une visite de la cr\u00e8che est organis\u00e9 au mois de juin.<br><br>Pour toute question n&rsquo;h\u00e9sitez pas \u00e0 <a href=\"https:\/\/mahou-minauds.fr\/?page_id=1099\" target=\"_blank\" rel=\"noreferrer noopener\">contacter<\/a> l&rsquo;\u00e9quipe de la cr\u00e8che <\/p>\n\n\n\n<p><\/p>\n","protected":false},"excerpt":{"rendered":"<p>Comment d\u00e9poser une demande d&rsquo;inscription pour votre enfant ? La cr\u00e8che repose sur la participation des parents dans le fonctionnement de la structure : participation au Conseil d\u2019Administration et au Bureau de l\u2019association, organisation des f\u00eates qui rythment la vie de la cr\u00e8che, participation aux m\u00e9nages de printemps et d\u2019automne et aux petits travaux d\u2019entretien, [&hellip;]<\/p>\n","protected":false},"author":1,"featured_media":0,"parent":0,"menu_order":0,"comment_status":"closed","ping_status":"closed","template":"","meta":{"footnotes":""},"_links":{"self":[{"href":"https:\/\/mahou-minauds.fr\/index.php?rest_route=\/wp\/v2\/pages\/867"}],"collection":[{"href":"https:\/\/mahou-minauds.fr\/index.php?rest_route=\/wp\/v2\/pages"}],"about":[{"href":"https:\/\/mahou-minauds.fr\/index.php?rest_route=\/wp\/v2\/types\/page"}],"author":[{"embeddable":true,"href":"https:\/\/mahou-minauds.fr\/index.php?rest_route=\/wp\/v2\/users\/1"}],"replies":[{"embeddable":true,"href":"https:\/\/mahou-minauds.fr\/index.php?rest_route=%2Fwp%2Fv2%2Fcomments&post=867"}],"version-history":[{"count":17,"href":"https:\/\/mahou-minauds.fr\/index.php?rest_route=\/wp\/v2\/pages\/867\/revisions"}],"predecessor-version":[{"id":1223,"href":"https:\/\/mahou-minauds.fr\/index.php?rest_route=\/wp\/v2\/pages\/867\/revisions\/1223"}],"wp:attachment":[{"href":"https:\/\/mahou-minauds.fr\/index.php?rest_route=%2Fwp%2Fv2%2Fmedia&parent=867"}],"curies":[{"name":"wp","href":"https:\/\/api.w.org\/{rel}","templated":true}]}}